{"id":91,"date":"2019-05-01T20:31:54","date_gmt":"2019-05-01T20:31:54","guid":{"rendered":"http:\/\/intranet2.fadesp.org.br\/?page_id=91"},"modified":"2022-11-25T14:37:24","modified_gmt":"2022-11-25T17:37:24","slug":"editorial","status":"publish","type":"page","link":"http:\/\/intranet2.fadesp.org.br\/?page_id=91","title":{"rendered":"Editorial"},"content":{"rendered":"\t\t<div data-elementor-type=\"wp-post\" data-elementor-id=\"91\" class=\"elementor elementor-91\">\n\t\t\t\t\t\t<div class=\"elementor-inner\">\n\t\t\t\t<div class=\"elementor-section-wrap\">\n\t\t\t\t\t\t\t\t\t<section class=\"elementor-section elementor-top-section elementor-element elementor-element-c23efff elementor-section-full_width elementor-section-height-default elementor-section-height-default\" data-id=\"c23efff\" data-element_type=\"section\">\n\t\t\t\t\t\t<div class=\"elementor-container elementor-column-gap-default\">\n\t\t\t\t\t\t\t<div class=\"elementor-row\">\n\t\t\t\t\t<div class=\"elementor-column elementor-col-100 elementor-top-column elementor-element elementor-element-07689f4\" data-id=\"07689f4\" data-element_type=\"column\">\n\t\t\t<div class=\"elementor-column-wrap elementor-element-populated\">\n\t\t\t\t\t\t\t<div class=\"elementor-widget-wrap\">\n\t\t\t\t\t\t<div class=\"elementor-element elementor-element-d3effd7 elementor-widget elementor-widget-heading\" data-id=\"d3effd7\" data-element_type=\"widget\" data-widget_type=\"heading.default\">\n\t\t\t\t<div class=\"elementor-widget-container\">\n\t\t\t<h2 class=\"elementor-heading-title elementor-size-default\">Editorial<\/h2>\t\t<\/div>\n\t\t\t\t<\/div>\n\t\t\t\t\t\t<\/div>\n\t\t\t\t\t<\/div>\n\t\t<\/div>\n\t\t\t\t\t\t\t\t<\/div>\n\t\t\t\t\t<\/div>\n\t\t<\/section>\n\t\t\t\t<section class=\"elementor-section elementor-top-section elementor-element elementor-element-af6df91 elementor-section-boxed elementor-section-height-default elementor-section-height-default\" data-id=\"af6df91\" data-element_type=\"section\">\n\t\t\t\t\t\t<div class=\"elementor-container elementor-column-gap-default\">\n\t\t\t\t\t\t\t<div class=\"elementor-row\">\n\t\t\t\t\t<div class=\"elementor-column elementor-col-50 elementor-top-column elementor-element elementor-element-2bf98d1\" data-id=\"2bf98d1\" data-element_type=\"column\">\n\t\t\t<div class=\"elementor-column-wrap elementor-element-populated\">\n\t\t\t\t\t\t\t<div class=\"elementor-widget-wrap\">\n\t\t\t\t\t\t<div class=\"elementor-element elementor-element-ab18a01 elementor-widget elementor-widget-image\" data-id=\"ab18a01\" data-element_type=\"widget\" data-widget_type=\"image.default\">\n\t\t\t\t<div class=\"elementor-widget-container\">\n\t\t\t\t\t\t\t\t<div class=\"elementor-image\">\n\t\t\t\t\t\t\t\t\t\t\t\t<img width=\"684\" height=\"1024\" src=\"http:\/\/intranet2.fadesp.org.br\/wp-content\/uploads\/2022\/11\/DiretorFADESP2022-684x1024-1.jpg\" class=\"attachment-large size-large\" alt=\"Roberto Ferraz - Diretor FADESP\" loading=\"lazy\" srcset=\"http:\/\/intranet2.fadesp.org.br\/wp-content\/uploads\/2022\/11\/DiretorFADESP2022-684x1024-1.jpg 684w, http:\/\/intranet2.fadesp.org.br\/wp-content\/uploads\/2022\/11\/DiretorFADESP2022-684x1024-1-200x300.jpg 200w\" sizes=\"(max-width: 684px) 100vw, 684px\" \/>\t\t\t\t\t\t\t\t\t\t\t\t\t\t<\/div>\n\t\t\t\t\t\t<\/div>\n\t\t\t\t<\/div>\n\t\t\t\t\t\t<\/div>\n\t\t\t\t\t<\/div>\n\t\t<\/div>\n\t\t\t\t<div class=\"elementor-column elementor-col-50 elementor-top-column elementor-element elementor-element-84986a0\" data-id=\"84986a0\" data-element_type=\"column\">\n\t\t\t<div class=\"elementor-column-wrap elementor-element-populated\">\n\t\t\t\t\t\t\t<div class=\"elementor-widget-wrap\">\n\t\t\t\t\t\t<div class=\"elementor-element elementor-element-fe2df72 elementor-widget elementor-widget-text-editor\" data-id=\"fe2df72\" data-element_type=\"widget\" data-widget_type=\"text-editor.default\">\n\t\t\t\t<div class=\"elementor-widget-container\">\n\t\t\t\t\t\t\t\t<div class=\"elementor-text-editor elementor-clearfix\">\n\t\t\t\t<p>H\u00e1 muito a comemorar!<\/p><p>Enfim, chegamos aos 45! Aos que gostam de met\u00e1foras futebol\u00edsticas, o primeiro tempo. Aos fl\u00e2neurs, o tempo da calma, da contempla\u00e7\u00e3o. Para n\u00f3s, que somos parte de uma enorme e complexa engrenagem, a certeza de um resultado primoroso, de trabalho pautado em excel\u00eancia, \u00e9tica, transpar\u00eancia e compromisso. Portanto, \u00e9 natural que, ao tamb\u00e9m celebrar o come\u00e7o de um novo ano editorial de nossa revista, junt\u00e1ssemos todos os motivos e troux\u00e9ssemos uma edi\u00e7\u00e3o especial.<\/p><p>Ao olhar em retrospectiva consigo rememorar, de maneira muito n\u00edtida, quando comecei a viajar para os munic\u00edpios do interior do Par\u00e1, para dar aula no projeto que seria o maior e mais ousado projeto de acesso ao ensino superior de gradua\u00e7\u00e3o. Foi a FADESP que me possibilitou conhecer os rec\u00f4nditos de nosso estado. Foi tamb\u00e9m a FADESP, em esfor\u00e7o conjunto com a Universidade Federal do Par\u00e1 e as prefeituras municipais, que permitiram a centenas de docentes levar conhecimento aos quatro cantos, tendo contato com hist\u00f3rias e trajet\u00f3rias de vida positivamente alteradas pela democratiza\u00e7\u00e3o desse acesso.<\/p><p>Ao contemplar o presente, vemos a FADESP j\u00e1 consolidada, vivendo um momento pr\u00f3spero, advindo de muito trabalho, com rigor e transpar\u00eancia: s\u00e3o mais de 400 projetos sob nosso guarda-chuva e, al\u00e9m da UFPA, nossa entidade-m\u00e3e, somos autorizados por esta a apoiar o Museu Paraense Em\u00edlio Goeldi (MPEG), o Instituto Federal de Educa\u00e7\u00e3o, Ci\u00eancia e Tecnologia (IFPA), o Instituto Evandro Chagas (IEC); a Universidade Federal Rural da Amaz\u00f4nia (UFRA), a Universidade Federal do Sul e Sudeste do Par\u00e1 (UNIFESSPA) e a Universidade Federal do Oeste do Par\u00e1 (UFOPA). Importa mencionar que a FADESP \u00e9 uma refer\u00eancia no segmento de concursos p\u00fablicos e sele\u00e7\u00f5es, tendo realizado, desde 2006, quase 200 certames, dos mais simples aos que exigiram uma complexa opera\u00e7\u00e3o.<\/p><p>E, em um vislumbre de futuro, continuamos semeando, pavimentando, construindo o \u201csegundo tempo\u201d, tornando as rela\u00e7\u00f5es ainda mais profissionais e pautadas na isen\u00e7\u00e3o, na imparcialidade e defendendo, sobretudo, a grandeza da Amaz\u00f4nia e dos amaz\u00f4nidas. Seguimos no firme prop\u00f3sito de reconstruir e edificar.<\/p><p>Particularmente, sinto-me muito feliz e realizado por conduzir uma Funda\u00e7\u00e3o composta por pessoas t\u00e3o humanas quanto competentes, compromissadas com um resultado final irretoc\u00e1vel; por ter a confian\u00e7a de milhares de pesquisadores e gestores.<\/p><p>Como cantou Gal, que nos deixou recentemente: \u201c\u00e9 preciso estar atento e forte\u201d.<\/p><p>Parab\u00e9ns a todos que fazem e que acreditam na Funda\u00e7\u00e3o.<\/p><p>Roberto Ferraz Barreto<\/p><p>Diretor Executivo da FADESP.<\/p>\t\t\t\t\t<\/div>\n\t\t\t\t\t\t<\/div>\n\t\t\t\t<\/div>\n\t\t\t\t\t\t<\/div>\n\t\t\t\t\t<\/div>\n\t\t<\/div>\n\t\t\t\t\t\t\t\t<\/div>\n\t\t\t\t\t<\/div>\n\t\t<\/section>\n\t\t\t\t\t\t\t\t\t<\/div>\n\t\t\t<\/div>\n\t\t\t\t\t<\/div>\n\t\t","protected":false},"excerpt":{"rendered":"<p>Editorial H\u00e1 muito a comemorar! Enfim, chegamos aos 45! Aos que gostam de met\u00e1foras futebol\u00edsticas, o primeiro tempo. Aos fl\u00e2neurs, o tempo da calma, da contempla\u00e7\u00e3o. Para n\u00f3s, que somos parte de uma enorme e complexa engrenagem, a certeza de um resultado primoroso, de trabalho pautado em excel\u00eancia, \u00e9tica, transpar\u00eancia e compromisso. Portanto, \u00e9 natural [&hellip;]<\/p>\n","protected":false},"author":6,"featured_media":0,"parent":0,"menu_order":0,"comment_status":"closed","ping_status":"closed","template":"","meta":[],"_links":{"self":[{"href":"http:\/\/intranet2.fadesp.org.br\/index.php?rest_route=\/wp\/v2\/pages\/91"}],"collection":[{"href":"http:\/\/intranet2.fadesp.org.br\/index.php?rest_route=\/wp\/v2\/pages"}],"about":[{"href":"http:\/\/intranet2.fadesp.org.br\/index.php?rest_route=\/wp\/v2\/types\/page"}],"author":[{"embeddable":true,"href":"http:\/\/intranet2.fadesp.org.br\/index.php?rest_route=\/wp\/v2\/users\/6"}],"replies":[{"embeddable":true,"href":"http:\/\/intranet2.fadesp.org.br\/index.php?rest_route=%2Fwp%2Fv2%2Fcomments&post=91"}],"version-history":[{"count":26,"href":"http:\/\/intranet2.fadesp.org.br\/index.php?rest_route=\/wp\/v2\/pages\/91\/revisions"}],"predecessor-version":[{"id":1561,"href":"http:\/\/intranet2.fadesp.org.br\/index.php?rest_route=\/wp\/v2\/pages\/91\/revisions\/1561"}],"wp:attachment":[{"href":"http:\/\/intranet2.fadesp.org.br\/index.php?rest_route=%2Fwp%2Fv2%2Fmedia&parent=91"}],"curies":[{"name":"wp","href":"https:\/\/api.w.org\/{rel}","templated":true}]}}